 Let h = m - 13. List the prime factors of h.
3, 19
Let p = 7 + 2. Let a = -8 + p. Suppose -14 = -i - 2*l, -l = -2*l - a. What are the prime factors of i?
2
Let v = -96 + 49. Let y = -32 - v. What are the prime factors of y?
3, 5
Suppose 35 = -m + u, m + 25 + 10 = 5*u. Let r be 10/(-4)*112/m. What are the prime factors of (2/r)/((-10)/(-520))?
13
Let g(k) = -k**2 + 3*k + 1. Let x be g(-3). Suppose 4*s + 245 = -s. Let z = x - s. What are the prime factors of z?
2
Let s = 46 + -33. Suppose s*c + 225 = 18*c. What are the prime factors of c?
3, 5
Suppose -3*l - 8 = -2*u, 3*u - 2*l = -7*l + 12. Suppose 4*g - 2*x = -7*x - 2, -3*g - u*x = 2. Let v = g - 0. What are the prime factors of v?
2
Suppose -37455 = -x - 14*x. List the prime factors of x.
11, 227
List the prime factors of ((-21)/(-140)*12)/((-1)/(-155)).
3, 31
Suppose 0 = 11*m - 790 - 1773. What are the prime factors of m?
233
Suppose 0 = 6*t - 10*t + y + 2456, -3*t - 3*y = -1857. What are the prime factors of t?
3, 5, 41
Let a(t) = 14*t**2 + 0 - t**2 + 5 - 6*t. Let k(u) = -u**2 - u + 1. Let m(n) = a(n) - 4*k(n). What are the prime factors of m(1)?
2
Let r(u) = -u**2 - 6*u - 4. Let y be r(-4). Suppose 11 = y*b + 3. List the prime factors of (111/(-9))/(b/(-6)).
37
Let f be 90/25*10/6. Suppose 0 = f*d - 8 - 16. Suppose -51 = d*y - 327. What are the prime factors of y?
3, 23
Suppose 5*r - 372 - 113 = -5*y, 4*r - 392 = -5*y. Suppose -t + 0*u = -4*u - 5, -3*u - r = -5*t. What are the prime factors of t?
3, 7
Let x(a) = -16*a**3 + 89*a**2 + 9*a + 10. List the prime factors of x(-5).
2, 5, 419
Let u(v) = -2*v - 6. Let p be u(-5). Suppose 4*o - 31 = z, 2*o = z + p*o + 25. Let l = z + 61. List the prime factors of l.
2, 17
Let n(t) = 5*t + 2. Let z = -64 - -90. What are the prime factors of n(z)?
2, 3, 11
Let q(y) = 15*y**2 + 3*y - 9. Let l be q(-6). What are the prime factors of (-2)/(0 + (-6)/l)?
3, 19
What are the prime factors of (34/6)/((-16)/(-432))?
3, 17
Suppose 12*g - 4*g = 1016. Suppose -4*s - g = -479. What are the prime factors of s?
2, 11
Let f = -29 + 703. What are the prime factors of f?
2, 337
Let c(l) = -l**3 - 13*l**2 - 15*l - 2. Let m be (9/6)/(3/(-42)). Let d = 9 + m. What are the prime factors of c(d)?
2, 17
Suppose y - k + 4 + 4 = 0, 3*y = 5*k - 18. Let v = y + 13. Suppose 0 = v*l - 16 - 6. List the prime factors of l.
11
Suppose -2595 = 20*x - 15355. List the prime factors of x.
2, 11, 29
Suppose -3*s - 752 = p, 0 = -4*s + 4*p - 80 - 896. Let m = -162 - s. List the prime factors of m.
3, 29
Let r(s) = -s**2 + 11*s + 2. Let u = -18 + 10. Let y = u - -13. What are the prime factors of r(y)?
2
Let l(w) = -13*w**3 + w**2 + 42*w + 256. List the prime factors of l(-7).
2, 3, 5, 149
Suppose -11*y = -7*y + 160. Let l = y + 81. List the prime factors of l.
41
Suppose -n = -2*n + 3. List the prime factors of (n - (-12)/16)/(2/48).
2, 3, 5
Let p(b) = b**3 + 6*b**2 + 4*b - 1. Let z be p(-5). Suppose a = -1, 0 = -4*v - 3*a + z + 1. Suppose -v*i - 64 = -4*i. List the prime factors of i.
2
Let i = -72 + 128. Let k = i + -30. List the prime factors of k.
2, 13
Let m(t) = 34 - 58 + 29 + 15*t. What are the prime factors of m(3)?
2, 5
Let k = -23 - -9. Let q = -13 - k. Suppose q = 5*v - 9. List the prime factors of v.
2
Let c = -11 - -13. Suppose 2*u + 3 = -i + 2*i, 3*u = c*i - 4. Let v(q) = -3*q**3 + q**2 - 1. List the prime factors of v(u).
3
Let v(a) = -5*a**2 - 6. Let o(d) = -d**3 - 4*d**2 - 8. Let r(h) = -1. Let u(m) = o(m) - 3*r(m). Let b(z) = -6*u(z) + 5*v(z). List the prime factors of b(1).
5
Let p be -1*(6/(-2) + 0). Suppose -p*d + 7 - 3 = -2*g, -5*d = -5*g. Suppose 0 = -d*l - 0*l + 40. List the prime factors of l.
2, 5
Suppose f + 0 - 3 = 0. Let h(o) = 3*o - 3*o**3 - 2*o**3 + 5 - o**f - o**2. What are the prime factors of h(-2)?
43
Let q = 27 - -12. What are the prime factors of 4 - (-2 - 0 - q)?
3, 5
Let o = -28 + 33. Suppose l - z - 466 = -l, -o*l + 1171 = -4*z. Suppose -3*t + 165 = 4*h - 5*h, l = 4*t - 5*h. What are the prime factors of t?
2, 3
List the prime factors of (-16609)/(-3) - (-16)/(-12).
3, 5, 41
Let h(n) = 2*n**2 + 22*n + 314. What are the prime factors of h(-38)?
2, 7, 13
Let b(l) = -2*l - 3. Let h be b(-4). Suppose h + 3 = -2*k, -2*x = -k - 8. Suppose -4*i - 4 = 0, 4 - 7 = -x*s - 3*i. List the prime factors of s.
3
Let l be 4*(-4 - 1/(-4)). Let g(m) = -24*m**2. Let z be g(1). Let n = l - z. List the prime factors of n.
3
Let s(w) be the second derivative of w**4/2 + 2*w**3/3 - 5*w**2/2 + w. Let b be s(-6). Let g = b - 133. List the prime factors of g.
2, 3
Let u(h) = -2*h**3 - 43*h**2 - 28*h + 32. List the prime factors of u(-21).
179
List the prime factors of (18/(-36))/(-3 - 7989/(-2664)).
2, 3, 37
Let c be (-9)/4*(-5 + 11/3). Let o be (-4)/(-6) + 13/3. Suppose -2*x - 110 = -5*d, -o*d - 4*x + c*x + 110 = 0. List the prime factors of d.
2, 11
Let d = -231 + 398. Let y = d - 99. List the prime factors of y.
2, 17
Suppose -5 = -x - 4*s, 5*x - s - 80 = 2*x. Suppose -5*v = -x + 5. What are the prime factors of 24 + (-9)/((-18)/v)?
2, 13
Let h = 2 - -1. Let j be (5/(-15))/(h/(-36)). Suppose 0*q - 132 = -j*q. List the prime factors of q.
3, 11
What are the prime factors of (-1)/4 + (-342)/(-24)?
2, 7
Let v(f) = -f**2 + f + 1. Let h(m) = m**2 - 7*m - 2. Let i(w) = -h(w) - 2*v(w). Let o be i(-5). Suppose 2*z + 4*z - 222 = o. What are the prime factors of z?
37
Suppose s + 3 = -1. What are the prime factors of 3/(1 + s)*-7?
7
Suppose w - 717 - 234 = u, 2*w - 1930 = -5*u. What are the prime factors of w?
5, 191
Suppose y - 3 = -q, -7*q + 2*q + 18 = 2*y. Suppose 0 = -4*x - q*v - 5 + 25, 0 = 5*x - 2*v - 11. Let i(a) = 4*a**2 - a + 7. What are the prime factors of i(x)?
2, 5
Suppose 0 = -o + 2*o. Suppose 2*w - 2 = 0, 0 = 5*q - 2*w - 0*w - 18. Suppose -q*h = -o*h - 100. What are the prime factors of h?
5
Let l = 23 - 19. What are the prime factors of (-42)/l*(3 + -9)?
3, 7
Let l(k) = 4*k - 22. Let u(c) = -c**2 + 2*c + 34. Let x be u(0). Let p = x - 20. List the prime factors of l(p).
2, 17
Let a = 1039 + 441. What are the prime factors of a?
2, 5, 37
Let c(x) = x**3 + 31*x**2 + 25*x + 26. List the prime factors of c(-24).
2, 7, 13, 19
Suppose 8*r - 20 = 3*r. Suppose z = r*z - 66. What are the prime factors of 2/11 - (-106)/z?
5
What are the prime factors of (-3)/(-7) + (146624/28)/8?
5, 131
Let x(d) = 2*d + 12. Let t be x(-4). Suppose -4*p + t*l = -227 - 9, 0 = -4*p - l + 216. What are the prime factors of p?
5, 11
Let q = 627 + 853. List the prime factors of q.
2, 5, 37
Let x(z) = z**3 + 5*z**2 - 5*z + 6. Let n be x(-6). Suppose p = -5*r + 42 + 2, -4*p + 3*r + 245 = n. What are the prime factors of p?
59
Let v(h) = 2 + 0*h + 7 - h. List the prime factors of v(-15).
2, 3
Let i(b) = 431*b + 169. What are the prime factors of i(8)?
3617
Let j(h) = 2*h**2 + 3*h - 4. Let g be j(-3). Suppose -k - 8 = -g*k. What are the prime factors of k/(-9) - 2928/(-54)?
2, 3
Let m = -45 + 30. Let u = m - -20. Suppose 6 + 34 = u*x. What are the prime factors of x?
2
What are the prime factors of (8/(-3) + 0)*795/(-106)?
2, 5
Let g(s) = 2*s**2 - 11*s + 21. List the prime factors of g(-14).
3, 7
Let l(f) = f**2 - 6*f + 10. Let i be l(5). Suppose -i*n = 2*b - 182, -4*b = -3*b + 5*n - 96. List the prime factors of b.
2, 43
Let u = -24 - -37. Let f be u - (7 - (3 + 1)). Suppose -3*j + 4*k + f = 0, 2*k = -3*j - 0*k + 40. What are the prime factors of j?
2, 5
Suppose -6 + 38 = 4*o. What are the prime factors of o?
2
Let d(k) = 4*k**2 + 44*k - 179. List the prime factors of d(-39).
59, 71
Let d(o) = 3*o**2 + o + 2. Let j be d(-1). Let k be (2 - j) + 3 - -1. Suppose -20 = k*c - 4*c. What are the prime factors of c?
2, 5
Suppose -4*z + 4*g = -z - 27, 0 = 2*z + 3*g - 1. Let b = 9 - z. Suppose b*r + 50 + 1 = 5*m, -4*r = 5*m - 59. List the prime factors of m.
11
Let z = 4 + -2. Suppose -5*w - 3*j - j = -5, 2*w + 2*j = z. List the prime factors of 18/(w*12/8).
2, 3
Let b(j) = -9*j + 1 + 4*j**2 + 3 + 3. What are the prime factors of b(6)?
97
Suppose 124*f = 128*f - 84. What are the prime factors of f?
3, 7
Let b(x) = 2*x**3 + 95*x**2 + 22*x - 6. List the prime factors of b(-47).
7, 167
Let s be 3/(-6) + (109/2 - 0). Let f = -17 + s. List the prime factors of f.
37
What are the prime factors of (-1)/(11 + 102072/